er?
True
Is 84421 prime?
True
Is 272533 composite?
False
Is 103231 a composite number?
False
Is 4435 composite?
True
Is 2291 prime?
False
Is 1637 a prime number?
True
Is 9383 a prime number?
False
Is 25423 prime?
True
Is 64399 composite?
False
Is 16271 a prime number?
False
Is 105881 a prime number?
False
Is 9655 a prime number?
False
Is 1595795 prime?
False
Is 17957 a composite number?
False
Is 22205 a prime number?
False
Is 63901 a prime number?
True
Is 26797 composite?
True
Is 2059 prime?
False
Is 10454 composite?
True
Is 6493 a prime number?
False
Is 2423 composite?
False
Is 15299 composite?
False
Is 68461 composite?
True
Is 5755 prime?
False
Is 977 composite?
False
Is 1698349 a composite number?
False
Is 9293 a composite number?
False
Is 139577 a prime number?
False
Is 70933 prime?
False
Is 240965 composite?
True
Is 217171 composite?
True
Is 207087 a prime number?
False
Is 13193 prime?
False
Is 3873 a prime number?
False
Is 15151 a prime number?
False
Is 169 prime?
False
Is 40387 composite?
False
Is 18691 prime?
True
Is 18839 composite?
False
Is 54037 a prime number?
True
Is 375197 a composite number?
True
Is 165301 a prime number?
False
Is 38393 prime?
True
Is 350377 a composite number?
False
Is 393739 a prime number?
True
Is 91417 prime?
False
Is 3048917 a composite number?
False
Is 449 prime?
True
Is 132115 composite?
True
Is 44977 a prime number?
False
Is 35671 a composite number?
False
Is 4561 a composite number?
False
Is 48809 prime?
True
Is 790373 a composite number?
True
Is 100579 a prime number?
False
Is 303081 prime?
False
Is 119 a composite number?
True
Is 5091 a prime number?
False
Is 777505 prime?
False
Is 11861 a prime number?
False
Is 365203 a prime number?
False
Is 25369 composite?
True
Is 526691 a composite number?
True
Is 255769 composite?
True
Is 16619 composite?
False
Is 22205 prime?
False
Is 93178 a composite number?
True
Is 128813 a composite number?
False
Is 608789 prime?
True
Is 6299 composite?
False
Is 7283 composite?
False
Is 109937 composite?
False
Is 332963 prime?
False
Is 229426 composite?
True
Is 6353 a composite number?
False
Is 10847 composite?
False
Is 2545 composite?
True
Is 1087 composite?
False
Is 6826 composite?
True
Is 19567 composite?
True
Is 6823 composite?
False
Is 10343 prime?
True
Is 44071 a prime number?
True
Is 17209 composite?
False
Is 13001 a prime number?
True
Is 132299 prime?
True
Is 1511737 composite?
False
Is 78238 prime?
False
Is 7179 a prime number?
False
Is 591143 a prime number?
False
Is 181709 composite?
True
Is 29059 a prime number?
True
Is 429043 a prime number?
True
Is 3839 prime?
False
Is 1439 a prime number?
True
Is 16963 prime?
True
Is 13045 a prime number?
False
Is 2999 a prime number?
True
Is 31679 a composite number?
True
Is 225733 a composite number?
False
Is 649 a composite number?
True
Is 102139 a composite number?
False
Is 6160361 prime?
True
Is 974 prime?
False
Is 173039 composite?
False
Is 7187 prime?
True
Is 14047 composite?
True
Is 106907 a composite number?
False
Is 50821 a prime number?
True
Is 260747 composite?
False
Is 98741 a prime number?
False
Is 944003 composite?
False
Is 44223 a composite number?
True
Is 44189 composite?
False
Is 5221 a composite number?
True
Is 21367 a prime number?
False
Is 55999 a prime number?
False
Is 34787 a prime number?
False
Is 199313 a composite number?
False
Is 73841 a composite number?
True
Is 293713 composite?
True
Is 83021 a composite number?
True
Is 19157 composite?
False
Is 233929 prime?
False
Is 4109 a prime number?
False
Is 6803 a composite number?
False
Is 239671 composite?
False
Is 56561 prime?
False
Is 119083 prime?
True
Is 17555 composite?
True
Is 303481 a prime number?
False
Is 239983 a composite number?
True
Is 778469 a prime number?
True
Is 3081017 a prime number?
True
Is 14369 a prime number?
True
Is 83191 a prime number?
False
Is 33013 a composite number?
False
Is 23221 a composite number?
True
Is 25399 a composite number?
True
Is 167309 composite?
False
Is 82487 a composite number?
False
Is 14849 composite?
True
Is 11657 a prime number?
True
Is 47131 a composite number?
True
Is 2407 prime?
False
Is 53023 a prime number?
False
Is 110681 a prime number?
True
Is 19339 a composite number?
True
Is 1700801 prime?
True
Is 229127 composite?
False
Is 7541 composite?
False
Is 1961 a prime number?
False
Is 16603 a prime number?
True
Is 27043 a prime number?
True
Is 131951 composite?
True
Is 2081 a prime number?
True
Is 394 a prime number?
False
Is 17159 composite?
False
Is 35303 prime?
False
Is 34499 a prime number?
True
Is 198311 composite?
True
Is 533573 prime?
True
Is 263 a prime number?
True
Is 733937 composite?
False
Is 57003 a prime number?
False
Is 10019 a composite number?
True
Is 992309 a prime number?
True
Is 87869 composite?
False
Is 6143 a composite number?
False
Is 4471 prime?
False
Is 15101 prime?
True
Is 22549 prime?
True
Is 43177 composite?
False
Is 877 a composite number?
False
Is 21561 a prime number?
False
Is 5937 composite?
True
Is 63967 prime?
False
Is 359081 a prime number?
False
Is 87991 prime?
True
Is 437497 a composite number?
False
Is 9277 a composite number?
False
Is 93037 a composite number?
True
Is 863959 composite?
False
Is 377513 composite?
False
Is 76147 prime?
True
Is 143011 composite?
True
Is 18861 a composite number?
True
Is 1878257 prime?
True
Is 287437 a prime number?
True
Is 20921 a composite number?
False
Is 1561 composite?
True
Is 248779 prime?
True
Is 123343 composite?
True
Is 168934 a prime number?
False
Is 11617 a prime number?
True
Is 505 a composite number?
True
Is 3151 a composite number?
True
Is 771413 a composite number?
True
Is 539881 prime?
True
Is 1109631 a composite number?
True
Is 73339 composite?
True
Is 1155373 prime?
True
Is 577249 prime?
True
Is 1147 composite?
True
Is 713561 composite?
True
Is 273103 composite?
True
Is 511015 composite?
True
Is 15659 composite?
True
Is 65891 composite?
True
Is 1514959 composite?
False
Is 10021 composite?
True
Is 16649 a prime number?
True
Is 7621 composite?
False
Is 27871 a composite number?
True
Is 2014643 a prime number?
True
Is 730747 a prime number?
True
Is 12379 prime?
True
Is 2935 prime?
False
Is 368021 a composite number?
False
Is 2153 a composite number?
False
Is 439 prime?
True
Is 2302 a prime number?
False
Is 71371 prime?
False
Is 1217 prime?
True
Is 1492703 a prime number?
True
Is 3203 a composite number?
False
Is 72322 prime?
False
Is 23857 prime?
True
Is 56773 prime?
True
Is 3863 a composite number?
False
Is 182147 a composite number?
True
Is 31367 prime?
False
Is 140197 composite?
False
Is 5387 a composite number?
False
Is 4719589 prime?
False
Is 2407 composite?
True
Is 2527017 a composite number?
True
Is 7629 a composite number?
True
Is 242791 composite?
True
Is 257053 a prime number?
True
Is 28963 a prime number?
False
Is 260439 a prime number?
False
Is 3223981 prime?
False
Is 19835 a composite number?
True
Is 5669 a composite number?
False
Is 232619 a composite number?
True
Is 170209 composite?
True
Is 724291 a prime number?
True
Is 795787 prime?
False
Is 12497 prime?
True
Is 81979 a composite number?
True
Is 10847 prime?
True
Is 229882 a composite number?
True
Is 136355 a composite number?
True
Is 101823 prime?
False
Is 78101 a composite number?
False
Is 105817 a composite number?
False
Is 60443 a composite number?
False
Is 52259 a composite number?
False
Is 23107 prime?
False
Is 51713 prime?
True
Is 2478247 a composite number?
True
Is 523687 prime?
False
Is 35023 a prime number?
True
Is 986177 a prime number?
True
Is 59921 prime?
True
Is 146507 prime?
False
Is 971597 prime?
False
Is 4291987 prime?
False
Is 87773 prime?
False
Is 4303 composite?
True
Is 25139 composite?
True
Is 55177 prime?
False
Is 93799 a prime number?
False
Is 122809 composite?
True
Is 6667 prime?
False
Is 69973 composite?
True
Is 599099 composite?
True
Is 198277 a composite number?
False
Is 144469 composite?
True
Is 44483 a composite number?
False
Is 22469 a prime number?
True
Is 1325227 composite?
False
Is 1420057 composite?
False
Is 5737 a prime number?
True
Is 223691 a composite number?
True
Is 10597 a composite number?
False
Is 1048913 a composite number?
True
Is 26627 composite?
False
Is 2897 a composite number?
False
Is 33095 prime?
Fal